Suppose 0 = n + 5*o - 29, 9*n - 4*n - 5*o + k = 0. What is the remainder when (-35)/(-3) - 2/3 is divided by n?
3
Let i be ((-2)/4 + 1)*-6. What is the remainder when 9/27 - 122/i is divided by 22?
19
Suppose -2*d + 5 + 7 = 0. Let m(w) = -3*w - 2. What is the remainder when d is divided by m(-2)?
2
Let d(z) = -5*z**3 + 3*z**2 - 5*z + 3. Let i be d(-6). Let n be ((-2)/6)/((-11)/i). Suppose 0*m - m = -n. Calculate the remainder when m is divided by 13.
11
Suppose -8 = -5*t + 3*t. Suppose -t*y + 21 = -19. What is the remainder when 27 is divided by y?
7
Suppose -z - 18 = 5*g + 4, -g - 5 = 0. Calculate the remainder when 3 is divided by z.
0
What is the remainder when 49 is divided by -2*(700/(-8))/7?
24
Let n(y) = -4*y**2 + y + 2. Let u be n(-2). Let r = u - -39. What is the remainder when 66 is divided by r?
20
Let l be ((-10)/(-2))/((-4)/(-4)). Let p(q) = -q**2 - 2*q - 3. Let j be p(-2). Let i = j + l. Calculate the remainder when 4 is divided by i.
0
Suppose -7*o = -532 + 210. Calculate the remainder when o is divided by 16.
14
Let w = -41 - -64. Suppose 18 = 3*f - f. Calculate the remainder when w is divided by f.
5
Let p(i) = i - 3. Let w be p(8). What is the remainder when (-216)/(-5) + (-1)/w is divided by 11?
10
Let b be -2 - -6 - (-3 + 2). Let m = b + 1. Calculate the remainder when (16/5)/(3/15) is divided by m.
4
Suppose -5*j = r - 35, -5*j = 3*r + 2*r - 15. Calculate the remainder when 47 is divided by j.
7
What is the remainder when 17 is divided by (-56)/(-12) - (1 - 1/3)?
1
Let g = -215 + 315. What is the remainder when g is divided by 306/(-27)*3*-1?
32
Let y(v) = 6*v - 14. Suppose -4*n - 45 - 25 = -3*a, -52 = -2*a + 4*n. What is the remainder when y(11) is divided by a?
16
Let j = -41 - -112. Let k = j - 48. Calculate the remainder when k is divided by 6.
5
Let b = -44 - -80. What is the remainder when 213 is divided by b?
33
Let r(l) = l**3 - 3*l**2 - 2*l - 11. Calculate the remainder when r(5) is divided by 17.
12
Suppose -3*w + 1 + 8 = 0. Suppose -t - 5 = 0, n = -w*n + 5*t + 81. Calculate the remainder when 26 is divided by n.
12
Let f = -14 + 27. Calculate the remainder when 23 is divided by f.
10
Suppose 5 + 19 = -2*b. What is the remainder when (-10)/(2 - b/(-5)) is divided by 9?
7
Let n = 3 - -10. Suppose n = 5*l - 2. Suppose 5*c - 30 = l*c. What is the remainder when 43 is divided by c?
13
Suppose 2*a + 72 - 336 = 0. Let o = a - 17. Calculate the remainder when o is divided by 29.
28
Suppose 2*s + d - 47 = -s, -d - 28 = -2*s. What is the remainder when 43 is divided by s?
13
Suppose 0 = -5*f + 117 + 163. Calculate the remainder when f is divided by 19.
18
Let a(g) = -g**2 + 29. Let j be a(0). Let u = -19 + j. Calculate the remainder when 39 is divided by u.
9
Let r = -98 + 107. What is the remainder when (-36 - -1)*2/(-2) is divided by r?
8
Suppose -2*f + 3 = -1. Suppose 2*x + f = 12. Let s(w) = -w**2 + 8*w - 6. Calculate the remainder when 25 is divided by s(x).
7
Let n be 15*(-3 - 22/(-6)). Calculate the remainder when 35 is divided by (-2 - n/(-8))*-16.
11
Let h be (-4)/14 - 18/(-14). Let q = -41 + 63. What is the remainder when q is divided by 1/(h - 11/12)?
10
Let d(z) be the second derivative of 2*z**3/3 + 5*z**2/2 + 5*z. Calculate the remainder when d(5) is divided by 7.
4
Let s(v) = -2*v**3 + 13*v**2 + 7. What is the remainder when s(6) is divided by 9?
7
What is the remainder when 40 is divided by (5 - (3 + -8)) + 1?
7
Let f(u) = 46*u - 105. What is the remainder when f(5) is divided by 8?
5
Suppose 0 = -2*i + 5*i - 48. Calculate the remainder when 31 is divided by i.
15
Let f(v) = 65*v**2 - 3*v - 2. What is the remainder when f(-1) is divided by 34?
32
Suppose -4*i + 3 = -57. Suppose -5*x - 3*n = 2*n, -4*x - 5*n = 5. Suppose -x*h - l + 22 = l, 3*l - 18 = -5*h. What is the remainder when i is divided by h?
3
Let m(y) = 6*y**3 - y**2 - 2*y - 4. What is the remainder when m(2) is divided by 21?
15
Suppose 0 = 4*d - 114 + 2. Suppose 8*a - 4*a = d. What is the remainder when 13 is divided by a?
6
Let d = -102 + 114. What is the remainder when 107 is divided by d?
11
Suppose -2*x + 42 = -x. Calculate the remainder when x is divided by (-1 + (-4)/(-6))*-27.
6
Suppose 5*c = 3*h + 167, 2*c - 5*h - 61 = 21. Suppose 20 - 1 = -z. Let d = z + c. What is the remainder when 22 is divided by d?
10
Suppose 2*d = 106 - 72. Suppose -4*o + 260 = 4*b, 5*o = 4*b + 215 + 128. Calculate the remainder when o is divided by d.
16
Let a(b) = -b**2 + 6*b - 4. What is the remainder when -1 - -13*(1 - 0) is divided by a(3)?
2
Suppose 0*b + 288 = -2*b. Let t = -86 - b. What is the remainder when t is divided by 20?
18
Let h be (-1)/(-5) + 66/(-30). Let t = h + 7. Calculate the remainder when t is divided by 2.
1
Suppose -10*o + 6*o = -156. Suppose 0 = 3*h - 7*h + 40. What is the remainder when o is divided by h?
9
Suppose -4*y = -u, -4*u = y - 0*y. Suppose u = 2*f - 19 - 23. What is the remainder when 62 is divided by f?
20
Suppose 11*v - 4*v - 21 = 0. Suppose -v*s - 14 + 38 = 0. Calculate the remainder when (-1)/(((-4)/26)/2) is divided by s.
5
Suppose 3*g + 4 = 5*g. Suppose 4*b = -g*s + 42, 3*b + b - 37 = -s. Calculate the remainder when 22 is divided by b.
6
Suppose -5 = -3*m + 37. Calculate the remainder when 67 is divided by m.
11
Let x = -10 + 17. Suppose -3 = -2*g + g. Let d = x - g. What is the remainder when d is divided by 2?
0
Suppose u - 12 = -5*x + 17, -4*x = -2*u - 12. Let d(g) = 3*g - 9. What is the remainder when (-1)/4 + (-69)/(-4) is divided by d(x)?
5
Let v(x) = -5*x - 2. Let p be v(-1). Suppose 2 = -o + 4*d, -4*d - d = -p*o + 1. Calculate the remainder when 2 is divided by o.
0
Let d(f) be the third derivative of f**6/120 - f**5/15 - f**4/24 - f**3/3 + 3*f**2. What is the remainder when 53 is divided by d(5)?
17
Let b = 1 + 1. Suppose -x + b*x = 2. Let c = x - -2. Calculate the remainder when 6 is divided by c.
2
Suppose q - 3*f - 18 = -f, -3*q = 4*f - 54. What is the remainder when 51 is divided by q?
15
Suppose -2*r + 218 = -46. Calculate the remainder when r is divided by 27.
24
Let v(m) = -16*m - 21. Calculate the remainder when v(-6) is divided by 2*19*3/6.
18
Let z = -86 + 131. What is the remainder when z is divided by 19?
7
Calculate the remainder when 56 is divided by (14/28)/((-1)/(-38)).
18
Let p(y) = -y**2 + 10*y + 4. Suppose -8*i + 14*i - 90 = 0. Calculate the remainder when p(6) is divided by i.
13
Let j = 7 + -3. Suppose 10 - 73 = -5*v - 3*i, -i - 64 = -j*v. What is the remainder when v is divided by 8?
7
Suppose -j + 0 = -26. Calculate the remainder when 97 is divided by j.
19
Suppose 35 = 2*z + 7. Suppose d - 2*d = -z. Calculate the remainder when 26 is divided by d.
12
Suppose 15 = -a + 58. Calculate the remainder when a is divided by 15.
13
Let o = -8 + 27. Calculate the remainder when 36 is divided by o.
17
Suppose -5*c + 3*p = -217 - 113, 264 = 4*c + 5*p. Let a be 24/(-18)*(-6)/(-4). Calculate the remainder when c is divided by (-1)/(a/(34/1)).
15
Suppose -4*d = -3*c - 9*d - 9, 2*d + 12 = 3*c. Calculate the remainder when 5 is divided by c.
1
Let i(u) = 5*u + 14. What is the remainder when 93 is divided by i(7)?
44
Suppose 0 = 5*d, 0 = 2*b + 3*d - 8*d + 46. Let n = b - -27. Calculate the remainder when 6 is divided by n.
2
Let a(f) = -f - 7. Let o be a(-7). Suppose -5*s = -3*u + 62, 2*u + o*u = -4*s + 78. Let q = 36 - 26. Calculate the remainder when u is divided by q.
9
Suppose 0 = g - 4 - 2. Let y = -9 + 12. What is the remainder when g is divided by y?
0
Let i(x) = 3*x - 1. Let y be i(2). Let v = -4 + y. Suppose -3*r + 0*r + 3 = 0. What is the remainder when v is divided by r?
0
Suppose -5*o + 3 = 28. Let b = -3 - o. What is the remainder when 11 is divided by 31/5 + b/(-10)?
5
Let j(x) = -x**3 - 10*x**2 + 6*x - 2. What is the remainder when j(-11) is divided by 7?
4
Let r(z) = -z**3 - 2*z**2 - 4*z - 3. Let w be r(-2). Let n(y) = 6*y - 2. Suppose 0 = 4*s - 70 + 10. What is the remainder when n(w) is divided by s?
13
Suppose 5*h = -b - 2*b + 9, 4*h = -4*b + 20. Let p = 13 - b. Suppose p*s = -5*k + 110, 5*k - 3*s = s + 119. Calculate the remainder when 45 is divided by k.
22
Suppose 198 = -2*a + 6*a - 2*z, 4*a = -4*z + 180. Suppose 5*c + 150 = 10*c - 5*q, -25 = 5*q. What is the remainder when a is